{"id":1084,"date":"2020-08-19T07:12:36","date_gmt":"2020-08-19T05:12:36","guid":{"rendered":"https:\/\/familyservices54.fr\/?page_id=1084"},"modified":"2023-10-27T14:54:52","modified_gmt":"2023-10-27T12:54:52","slug":"our-farm","status":"publish","type":"page","link":"https:\/\/familyservices54.fr\/?page_id=1084","title":{"rendered":"\u00c0 Propos"},"content":{"rendered":"\n<div class=\"wp-block-uagb-container uagb-block-f66aa926 alignfull uagb-is-root-container\"><div class=\"uagb-container-inner-blocks-wrap\">\n<div class=\"wp-block-uagb-info-box uagb-block-87fca126 uagb-infobox__content-wrap  uagb-infobox-icon-above-title uagb-infobox-image-valign-top\"><div class=\"uagb-ifb-content\"><div class=\"uagb-ifb-title-wrap\"><div class=\"uagb-ifb-separator\"><\/div><h1 class=\"uagb-ifb-title\">\u00c0 Propos\u200b<\/h1><\/div><\/div><\/div>\n<\/div><\/div>\n\n\n\n<div class=\"wp-block-uagb-container uagb-block-71a1159f alignfull uagb-is-root-container\"><div class=\"uagb-container-inner-blocks-wrap\">\n<div class=\"wp-block-uagb-info-box uagb-block-c7834a49 uagb-infobox__content-wrap  uagb-infobox-icon-above-title uagb-infobox-image-valign-top\"><div class=\"uagb-ifb-content\"><div class=\"uagb-ifb-title-wrap\"><span class=\"uagb-ifb-title-prefix\">FAMILYSERVICES54<\/span><div class=\"uagb-ifb-separator\"><\/div><h2 class=\"uagb-ifb-title\">FAMILYSERVICES54 VOUS FAIT GAGNER DU TEMPS<\/h2><\/div><\/div><\/div>\n\n\n\n<div class=\"wp-block-uagb-container uagb-block-73887ab8\">\n<div class=\"wp-block-uagb-advanced-heading uagb-block-01fecf12\"><p class=\"uagb-desc-text\">Bas\u00e9s \u00e0 <strong>Nancy<\/strong> et avec plus de 10 ans d&rsquo;exp\u00e9rience dans le domaine du nettoyage, <strong>FamilyServices54<\/strong> propose des prestations diversifi\u00e9es visant \u00e0 soulager le quotidien des particuliers.<\/p><\/div>\n\n\n\n<div class=\"wp-block-uagb-advanced-heading uagb-block-0689d5bf\"><p class=\"uagb-desc-text\">Nous utilisons uniquement des <strong>produits naturels<\/strong>, bons pour l&rsquo;environnement et sain pour votre int\u00e9rieur. Notre priorit\u00e9 est votre satisfaction afin que vous puissiez profiter d&rsquo;une maison propre et rang\u00e9e !<\/p><\/div>\n<\/div>\n\n\n\n<div class=\"wp-block-uagb-image aligncenter uagb-block-56cd4579 wp-block-uagb-image--layout-default wp-block-uagb-image--effect-static wp-block-uagb-image--align-center\"><figure class=\"wp-block-uagb-image__figure\"><img decoding=\"async\" srcset=\"http:\/\/familyservices54.fr\/wp-content\/uploads\/2023\/10\/nettoyage-ecologique-1.jpg ,http:\/\/familyservices54.fr\/wp-content\/uploads\/2023\/10\/nettoyage-ecologique-1.jpg 780w, http:\/\/familyservices54.fr\/wp-content\/uploads\/2023\/10\/nettoyage-ecologique-1.jpg 360w\" sizes=\"(max-width: 480px) 150px\" src=\"http:\/\/familyservices54.fr\/wp-content\/uploads\/2023\/10\/nettoyage-ecologique-1.jpg\" alt=\"\" class=\"uag-image-1189\" width=\"800\" height=\"640\" title=\"\" loading=\"lazy\"\/><\/figure><\/div>\n\n\n\n<div class=\"wp-block-uagb-container uagb-block-00f53ba8\"><\/div>\n<\/div><\/div>\n\n\n\n<div class=\"wp-block-uagb-container uagb-block-e7874b42 alignfull uagb-is-root-container\"><div class=\"uagb-container-inner-blocks-wrap\">\n<div class=\"wp-block-uagb-info-box uagb-block-bc5a9f4b uagb-infobox__content-wrap  uagb-infobox-icon-above-title uagb-infobox-image-valign-top\"><div class=\"uagb-ifb-content\"><div class=\"uagb-ifb-title-wrap\"><div class=\"uagb-ifb-separator\"><\/div><h2 class=\"uagb-ifb-title\">Contacter FAMILYSERVICES54<\/h2><\/div><p class=\"uagb-ifb-desc\">Ou effectuez directement votre demande par mail sur ; <strong><em>familyservices54@gmail.com<\/em><\/strong><\/p><\/div><\/div>\n\n\n\n<div class=\"wp-block-uagb-forms uagb-forms__outer-wrap uagb-block-7bb66984 uagb-forms__medium-btn\"><form class=\"uagb-forms-main-form\" method=\"post\" autocomplete=\"on\" name=\"uagb-form-7bb66984\">\n<div class=\"wp-block-uagb-forms-name uagb-forms-name-wrap uagb-forms-field-set uagb-block-1f209169\"><div class=\"uagb-forms-name-label required uagb-forms-input-label\" id=\"1f209169\">Pr\u00e9nom<\/div><input type=\"text\" placeholder=\"John\" required class=\"uagb-forms-name-input uagb-forms-input\" name=\"1f209169\" autocomplete=\"given-name\"\/><\/div>\n\n\n\n<div class=\"wp-block-uagb-forms-name uagb-forms-name-wrap uagb-forms-field-set uagb-block-009378d9\"><div class=\"uagb-forms-name-label required uagb-forms-input-label\" id=\"009378d9\">Nom de Famille<\/div><input type=\"text\" placeholder=\"Doe\" required class=\"uagb-forms-name-input uagb-forms-input\" name=\"009378d9\" autocomplete=\"family-name\"\/><\/div>\n\n\n\n<div class=\"wp-block-uagb-forms-email uagb-forms-email-wrap uagb-forms-field-set uagb-block-e8568482\"><div class=\"uagb-forms-email-label  uagb-forms-input-label\" id=\"e8568482\">E-mail<\/div><input type=\"email\" class=\"uagb-forms-email-input uagb-forms-input\" placeholder=\"exemple@mail.com\" name=\"e8568482\" autocomplete=\"email\"\/><\/div>\n\n\n\n<div class=\"wp-block-uagb-forms-textarea uagb-forms-textarea-wrap uagb-forms-field-set uagb-block-e5ae8de4\"><div class=\"uagb-forms-textarea-label required uagb-forms-input-label\" id=\"e5ae8de4\">Message<\/div><textarea required class=\"uagb-forms-textarea-input uagb-forms-input\" rows=\"4\" placeholder=\"Saisissez votre message\" name=\"e5ae8de4\" autocomplete=\"off\"><\/textarea><\/div>\n<div class=\"uagb-forms-form-hidden-data\"><input type=\"hidden\" class=\"uagb_forms_form_label\" value=\"Formulaire Spectra\"\/><input type=\"hidden\" class=\"uagb_forms_form_id\" value=\"uagb-form-7bb66984\"\/><\/div><div class=\"uagb-form-reacaptcha-error-7bb66984\"><\/div><div class=\"uagb-forms-main-submit-button-wrap wp-block-button\"><button class=\"uagb-forms-main-submit-button wp-block-button__link\"><div class=\"uagb-forms-main-submit-button-text\">Envoyer<\/div><\/button><\/div><\/form><div class=\"uagb-forms-success-message-7bb66984 uagb-forms-submit-message-hide\"><span>Le formulaire a bien \u00e9t\u00e9 envoy\u00e9\u00a0!<\/span><\/div><div class=\"uagb-forms-failed-message-7bb66984 uagb-forms-submit-message-hide\"><span>Une erreur s\u2019est produite lors de l\u2019envoi du formulaire. Veuillez v\u00e9rifier \u00e0 nouveau tous les champs du formulaire.<\/span><\/div><\/div>\n<\/div><\/div>\n","protected":false},"excerpt":{"rendered":"<p>Bas\u00e9s \u00e0 Nancy et avec plus de 10 ans d&rsquo;exp\u00e9rience dans le domaine du nettoyage, FamilyServices54 propose des prestations diversifi\u00e9es visant \u00e0 soulager le quotidien des particuliers. Nous utilisons uniquement des produits naturels, bons pour l&rsquo;environnement et sain pour votre int\u00e9rieur. Notre priorit\u00e9 est votre satisfaction afin que vous puissiez profiter d&rsquo;une maison propre et &hellip;<\/p>\n<p class=\"read-more\"> <a class=\"\" href=\"https:\/\/familyservices54.fr\/?page_id=1084\"> <span class=\"screen-reader-text\">\u00c0 Propos<\/span> Lire la suite\u00a0\u00bb<\/a><\/p>\n","protected":false},"author":1,"featured_media":0,"parent":0,"menu_order":0,"comment_status":"closed","ping_status":"closed","template":"","meta":{"_uag_custom_page_level_css":"","site-sidebar-layout":"default","site-content-layout":"plain-container","ast-site-content-layout":"normal-width-container","site-content-style":"unboxed","site-sidebar-style":"unboxed","ast-global-header-display":"","ast-banner-title-visibility":"","ast-main-header-display":"","ast-hfb-above-header-display":"","ast-hfb-below-header-display":"","ast-hfb-mobile-header-display":"","site-post-title":"disabled","ast-breadcrumbs-content":"","ast-featured-img":"","footer-sml-layout":"","theme-transparent-header-meta":"enabled","adv-header-id-meta":"","stick-header-meta":"","header-above-stick-meta":"","header-main-stick-meta":"","header-below-stick-meta":"","astra-migrate-meta-layouts":"set","ast-page-background-enabled":"default","ast-page-background-meta":{"desktop":{"background-color":"","background-image":"","background-repeat":"repeat","background-position":"center center","background-size":"auto","background-attachment":"scroll","background-type":"","background-media":"","overlay-type":"","overlay-color":"","overlay-gradient":""},"tablet":{"background-color":"","background-image":"","background-repeat":"repeat","background-position":"center center","background-size":"auto","background-attachment":"scroll","background-type":"","background-media":"","overlay-type":"","overlay-color":"","overlay-gradient":""},"mobile":{"background-color":"","background-image":"","background-repeat":"repeat","background-position":"center center","background-size":"auto","background-attachment":"scroll","background-type":"","background-media":"","overlay-type":"","overlay-color":"","overlay-gradient":""}},"ast-content-background-meta":{"desktop":{"background-color":"var(--ast-global-color-5)","background-image":"","background-repeat":"repeat","background-position":"center center","background-size":"auto","background-attachment":"scroll","background-type":"","background-media":"","overlay-type":"","overlay-color":"","overlay-gradient":""},"tablet":{"background-color":"var(--ast-global-color-5)","background-image":"","background-repeat":"repeat","background-position":"center center","background-size":"auto","background-attachment":"scroll","background-type":"","background-media":"","overlay-type":"","overlay-color":"","overlay-gradient":""},"mobile":{"background-color":"var(--ast-global-color-5)","background-image":"","background-repeat":"repeat","background-position":"center center","background-size":"auto","background-attachment":"scroll","background-type":"","background-media":"","overlay-type":"","overlay-color":"","overlay-gradient":""}},"footnotes":""},"uagb_featured_image_src":{"full":false,"thumbnail":false,"medium":false,"medium_large":false,"large":false,"1536x1536":false,"2048x2048":false},"uagb_author_info":{"display_name":"familyservices54.fr","author_link":"https:\/\/familyservices54.fr\/?author=1"},"uagb_comment_info":0,"uagb_excerpt":"Bas\u00e9s \u00e0 Nancy et avec plus de 10 ans d&rsquo;exp\u00e9rience dans le domaine du nettoyage, FamilyServices54 propose des prestations diversifi\u00e9es visant \u00e0 soulager le quotidien des particuliers. Nous utilisons uniquement des produits naturels, bons pour l&rsquo;environnement et sain pour votre int\u00e9rieur. Notre priorit\u00e9 est votre satisfaction afin que vous puissiez profiter d&rsquo;une maison propre et\u2026","_links":{"self":[{"href":"https:\/\/familyservices54.fr\/index.php?rest_route=\/wp\/v2\/pages\/1084"}],"collection":[{"href":"https:\/\/familyservices54.fr\/index.php?rest_route=\/wp\/v2\/pages"}],"about":[{"href":"https:\/\/familyservices54.fr\/index.php?rest_route=\/wp\/v2\/types\/page"}],"author":[{"embeddable":true,"href":"https:\/\/familyservices54.fr\/index.php?rest_route=\/wp\/v2\/users\/1"}],"replies":[{"embeddable":true,"href":"https:\/\/familyservices54.fr\/index.php?rest_route=%2Fwp%2Fv2%2Fcomments&post=1084"}],"version-history":[{"count":7,"href":"https:\/\/familyservices54.fr\/index.php?rest_route=\/wp\/v2\/pages\/1084\/revisions"}],"predecessor-version":[{"id":1267,"href":"https:\/\/familyservices54.fr\/index.php?rest_route=\/wp\/v2\/pages\/1084\/revisions\/1267"}],"wp:attachment":[{"href":"https:\/\/familyservices54.fr\/index.php?rest_route=%2Fwp%2Fv2%2Fmedia&parent=1084"}],"curies":[{"name":"wp","href":"https:\/\/api.w.org\/{rel}","templated":true}]}}